{"id":17209,"date":"2026-03-09T10:09:59","date_gmt":"2026-03-09T10:09:59","guid":{"rendered":"https:\/\/chwbkosova.org\/about-us\/"},"modified":"2026-03-12T09:27:01","modified_gmt":"2026-03-12T09:27:01","slug":"rreth-nesh","status":"publish","type":"page","link":"https:\/\/chwbkosova.org\/sq\/rreth-nesh\/","title":{"rendered":"Rreth nesh"},"content":{"rendered":"\t\t<div data-elementor-type=\"wp-page\" data-elementor-id=\"17209\" class=\"elementor elementor-17209 elementor-17202\" data-elementor-post-type=\"page\">\n\t\t\t\t\t\t<section class=\"elementor-section elementor-top-section elementor-element elementor-element-aec49ad elementor-section-boxed elementor-section-height-default elementor-section-height-default\" data-id=\"aec49ad\" data-element_type=\"section\" data-e-type=\"section\">\n\t\t\t\t\t\t<div class=\"elementor-container elementor-column-gap-default\">\n\t\t\t\t\t<div class=\"elementor-column elementor-col-50 elementor-top-column elementor-element elementor-element-af0476c\" data-id=\"af0476c\" data-element_type=\"column\" data-e-type=\"column\">\n\t\t\t<div class=\"elementor-widget-wrap elementor-element-populated\">\n\t\t\t\t\t\t<div class=\"elementor-element elementor-element-a4d8e37 elementor-widget elementor-widget-text-editor\" data-id=\"a4d8e37\" data-element_type=\"widget\" data-e-type=\"widget\" data-widget_type=\"text-editor.default\">\n\t\t\t\t<div class=\"elementor-widget-container\">\n\t\t\t\t\t\t\t\t\t<p><strong>CHwB Kosova<\/strong> \u00ebsht\u00eb nj\u00eb organizat\u00eb e shoq\u00ebris\u00eb civile e p\u00ebrkushtuar ndaj mbrojtjes, restaurimit dhe promovimit t\u00eb trash\u00ebgimis\u00eb s\u00eb pasur kulturore t\u00eb vendit. Q\u00eb nga viti 2001, ne jemi angazhuar n\u00eb m\u00ebnyr\u00eb aktive n\u00eb restaurimin e nd\u00ebrtesave historike, promovimin e zejeve tradicionale dhe mb\u00ebshtetjen e projekteve kreative q\u00eb lidhin komunitetet me historin\u00eb e tyre.<\/p>\n<p data-start=\"368\" data-end=\"776\">Puna jon\u00eb shkon p\u00ebrtej ruajtjes s\u00eb trash\u00ebgimis\u00eb. Ne fuqizojm\u00eb komunitetet lokale p\u00ebrmes edukimit, trajnimeve praktike dhe nismave kreative, duke siguruar q\u00eb trash\u00ebgimia kulturore t\u00eb b\u00ebhet pjes\u00eb e gjall\u00eb e jet\u00ebs s\u00eb p\u00ebrditshme. Duke nd\u00ebrthurur teknikat tradicionale me qasje inovative, ne nxisim zhvillim t\u00eb q\u00ebndruesh\u00ebm shoq\u00ebror dhe ekonomik, duke e mbajtur historin\u00eb e Kosov\u00ebs t\u00eb gjall\u00eb p\u00ebr brezat e ardhsh\u00ebm.<\/p>\n<p data-start=\"778\" data-end=\"794\"><strong data-start=\"778\" data-end=\"794\">\u00c7far\u00eb b\u00ebjm\u00eb:<\/strong><\/p>\n<ul>\n<li data-start=\"796\" data-end=\"978\"><strong data-start=\"796\" data-end=\"833\">Restaurim dhe rip\u00ebrdorim adaptiv:<\/strong> Restaurojm\u00eb nd\u00ebrtesa historike duke p\u00ebrdorur teknika tradicionale dhe nj\u00ebkoh\u00ebsisht krijojm\u00eb mund\u00ebsi p\u00ebr zejtar\u00ebt lokal\u00eb dhe praktikant\u00ebt e rinj.<\/li>\n<li data-start=\"980\" data-end=\"1172\"><strong data-start=\"980\" data-end=\"1016\">Projekte kreative dhe edukative:<\/strong> P\u00ebrmes artit, k\u00ebrkimit dhe nismave kulturore, ndihmojm\u00eb komunitetet ta eksplorojn\u00eb dhe ta p\u00ebrjetojn\u00eb trash\u00ebgimin\u00eb e tyre n\u00eb m\u00ebnyra t\u00eb reja dhe dometh\u00ebn\u00ebse.<\/li>\n<li data-start=\"1174\" data-end=\"1330\"><strong data-start=\"1174\" data-end=\"1212\">Vendimmarrje e bazuar n\u00eb t\u00eb dh\u00ebna:<\/strong> Duke analizuar t\u00eb dh\u00ebna kulturore dhe socio-ekonomike, ne i japim p\u00ebrpar\u00ebsi nd\u00ebrhyrjeve q\u00eb krijojn\u00eb ndikim afatgjat\u00eb.<\/li>\n<li data-start=\"1332\" data-end=\"1513\"><strong data-start=\"1332\" data-end=\"1369\">Nd\u00ebrtim komuniteti dhe rrjet\u00ebzim:<\/strong> Lidhim ekspert\u00eb lokal\u00eb dhe nd\u00ebrkomb\u00ebtar\u00eb, institucione dhe organizata t\u00eb shoq\u00ebris\u00eb civile p\u00ebr t\u00eb forcuar bashk\u00ebpunimin dhe shk\u00ebmbimin kulturor.<\/li>\n<li data-start=\"1515\" data-end=\"1717\" data-is-last-node=\"\" data-is-only-node=\"\">N\u00eb <strong data-start=\"1518\" data-end=\"1533\">CHwB Kosova<\/strong>, ne besojm\u00eb se trash\u00ebgimia kulturore nuk \u00ebsht\u00eb vet\u00ebm nj\u00eb lidhje me t\u00eb kaluar\u00ebnm, ajo \u00ebsht\u00eb nj\u00eb burim p\u00ebr nd\u00ebrtimin e nj\u00eb t\u00eb ardhmeje m\u00eb gjith\u00ebp\u00ebrfshir\u00ebse, kreative dhe t\u00eb q\u00ebndrueshme.<\/li>\n<\/ul>\t\t\t\t\t\t\t\t<\/div>\n\t\t\t\t<\/div>\n\t\t\t\t\t<\/div>\n\t\t<\/div>\n\t\t\t\t<div class=\"elementor-column elementor-col-50 elementor-top-column elementor-element elementor-element-a9ac097\" data-id=\"a9ac097\" data-element_type=\"column\" data-e-type=\"column\">\n\t\t\t<div class=\"elementor-widget-wrap\">\n\t\t\t\t\t\t\t<\/div>\n\t\t<\/div>\n\t\t\t\t\t<\/div>\n\t\t<\/section>\n\t\t\t\t<\/div>\n\t\t","protected":false},"excerpt":{"rendered":"<p>CHwB Kosova \u00ebsht\u00eb nj\u00eb organizat\u00eb e shoq\u00ebris\u00eb civile e p\u00ebrkushtuar ndaj mbrojtjes, restaurimit dhe promovimit t\u00eb trash\u00ebgimis\u00eb s\u00eb pasur kulturore t\u00eb vendit. Q\u00eb nga viti 2001, ne jemi angazhuar n\u00eb m\u00ebnyr\u00eb aktive n\u00eb restaurimin e nd\u00ebrtesave historike, promovimin e zejeve tradicionale dhe mb\u00ebshtetjen e projekteve kreative q\u00eb lidhin komunitetet me historin\u00eb e tyre. Puna jon\u00eb [&hellip;]<\/p>\n","protected":false},"author":6,"featured_media":0,"parent":0,"menu_order":0,"comment_status":"closed","ping_status":"closed","template":"","meta":{"_acf_changed":false,"footnotes":""},"class_list":["post-17209","page","type-page","status-publish","hentry"],"acf":[],"yoast_head":"<!-- This site is optimized with the Yoast SEO plugin v27.4 - https:\/\/yoast.com\/product\/yoast-seo-wordpress\/ -->\n<title>Rreth nesh -<\/title>\n<meta name=\"robots\" content=\"index, follow, max-snippet:-1, max-image-preview:large, max-video-preview:-1\" \/>\n<link rel=\"canonical\" href=\"https:\/\/chwbkosova.org\/sq\/rreth-nesh\/\" \/>\n<meta property=\"og:locale\" content=\"sq_AL\" \/>\n<meta property=\"og:type\" content=\"article\" \/>\n<meta property=\"og:title\" content=\"Rreth nesh -\" \/>\n<meta property=\"og:description\" content=\"CHwB Kosova \u00ebsht\u00eb nj\u00eb organizat\u00eb e shoq\u00ebris\u00eb civile e p\u00ebrkushtuar ndaj mbrojtjes, restaurimit dhe promovimit t\u00eb trash\u00ebgimis\u00eb s\u00eb pasur kulturore t\u00eb vendit. Q\u00eb nga viti 2001, ne jemi angazhuar n\u00eb m\u00ebnyr\u00eb aktive n\u00eb restaurimin e nd\u00ebrtesave historike, promovimin e zejeve tradicionale dhe mb\u00ebshtetjen e projekteve kreative q\u00eb lidhin komunitetet me historin\u00eb e tyre. Puna jon\u00eb [&hellip;]\" \/>\n<meta property=\"og:url\" content=\"https:\/\/chwbkosova.org\/sq\/rreth-nesh\/\" \/>\n<meta property=\"article:modified_time\" content=\"2026-03-12T09:27:01+00:00\" \/>\n<meta name=\"twitter:card\" content=\"summary_large_image\" \/>\n<meta name=\"twitter:label1\" content=\"Est. reading time\" \/>\n\t<meta name=\"twitter:data1\" content=\"1 minute\" \/>\n<script type=\"application\/ld+json\" class=\"yoast-schema-graph\">{\"@context\":\"https:\\\/\\\/schema.org\",\"@graph\":[{\"@type\":\"WebPage\",\"@id\":\"https:\\\/\\\/chwbkosova.org\\\/sq\\\/rreth-nesh\\\/\",\"url\":\"https:\\\/\\\/chwbkosova.org\\\/sq\\\/rreth-nesh\\\/\",\"name\":\"Rreth nesh -\",\"isPartOf\":{\"@id\":\"https:\\\/\\\/chwbkosova.org\\\/#website\"},\"datePublished\":\"2026-03-09T10:09:59+00:00\",\"dateModified\":\"2026-03-12T09:27:01+00:00\",\"breadcrumb\":{\"@id\":\"https:\\\/\\\/chwbkosova.org\\\/sq\\\/rreth-nesh\\\/#breadcrumb\"},\"inLanguage\":\"sq-AL\",\"potentialAction\":[{\"@type\":\"ReadAction\",\"target\":[\"https:\\\/\\\/chwbkosova.org\\\/sq\\\/rreth-nesh\\\/\"]}]},{\"@type\":\"BreadcrumbList\",\"@id\":\"https:\\\/\\\/chwbkosova.org\\\/sq\\\/rreth-nesh\\\/#breadcrumb\",\"itemListElement\":[{\"@type\":\"ListItem\",\"position\":1,\"name\":\"Home\",\"item\":\"https:\\\/\\\/chwbkosova.org\\\/sq\\\/ballina-2\\\/\"},{\"@type\":\"ListItem\",\"position\":2,\"name\":\"Rreth nesh\"}]},{\"@type\":\"WebSite\",\"@id\":\"https:\\\/\\\/chwbkosova.org\\\/#website\",\"url\":\"https:\\\/\\\/chwbkosova.org\\\/\",\"name\":\"CHWB Kosova\",\"description\":\"CHWB Kosova\",\"publisher\":{\"@id\":\"https:\\\/\\\/chwbkosova.org\\\/#organization\"},\"potentialAction\":[{\"@type\":\"SearchAction\",\"target\":{\"@type\":\"EntryPoint\",\"urlTemplate\":\"https:\\\/\\\/chwbkosova.org\\\/?s={search_term_string}\"},\"query-input\":{\"@type\":\"PropertyValueSpecification\",\"valueRequired\":true,\"valueName\":\"search_term_string\"}}],\"inLanguage\":\"sq-AL\"},{\"@type\":\"Organization\",\"@id\":\"https:\\\/\\\/chwbkosova.org\\\/#organization\",\"name\":\"CHWB Kosova\",\"url\":\"https:\\\/\\\/chwbkosova.org\\\/\",\"logo\":{\"@type\":\"ImageObject\",\"inLanguage\":\"sq-AL\",\"@id\":\"https:\\\/\\\/chwbkosova.org\\\/#\\\/schema\\\/logo\\\/image\\\/\",\"url\":\"https:\\\/\\\/chwbkosova.org\\\/wp-content\\\/uploads\\\/2023\\\/07\\\/cropped-logo_black.jpg\",\"contentUrl\":\"https:\\\/\\\/chwbkosova.org\\\/wp-content\\\/uploads\\\/2023\\\/07\\\/cropped-logo_black.jpg\",\"width\":512,\"height\":512,\"caption\":\"CHWB Kosova\"},\"image\":{\"@id\":\"https:\\\/\\\/chwbkosova.org\\\/#\\\/schema\\\/logo\\\/image\\\/\"}}]}<\/script>\n<!-- \/ Yoast SEO plugin. -->","yoast_head_json":{"title":"Rreth nesh -","robots":{"index":"index","follow":"follow","max-snippet":"max-snippet:-1","max-image-preview":"max-image-preview:large","max-video-preview":"max-video-preview:-1"},"canonical":"https:\/\/chwbkosova.org\/sq\/rreth-nesh\/","og_locale":"sq_AL","og_type":"article","og_title":"Rreth nesh -","og_description":"CHwB Kosova \u00ebsht\u00eb nj\u00eb organizat\u00eb e shoq\u00ebris\u00eb civile e p\u00ebrkushtuar ndaj mbrojtjes, restaurimit dhe promovimit t\u00eb trash\u00ebgimis\u00eb s\u00eb pasur kulturore t\u00eb vendit. Q\u00eb nga viti 2001, ne jemi angazhuar n\u00eb m\u00ebnyr\u00eb aktive n\u00eb restaurimin e nd\u00ebrtesave historike, promovimin e zejeve tradicionale dhe mb\u00ebshtetjen e projekteve kreative q\u00eb lidhin komunitetet me historin\u00eb e tyre. Puna jon\u00eb [&hellip;]","og_url":"https:\/\/chwbkosova.org\/sq\/rreth-nesh\/","article_modified_time":"2026-03-12T09:27:01+00:00","twitter_card":"summary_large_image","twitter_misc":{"Est. reading time":"1 minute"},"schema":{"@context":"https:\/\/schema.org","@graph":[{"@type":"WebPage","@id":"https:\/\/chwbkosova.org\/sq\/rreth-nesh\/","url":"https:\/\/chwbkosova.org\/sq\/rreth-nesh\/","name":"Rreth nesh -","isPartOf":{"@id":"https:\/\/chwbkosova.org\/#website"},"datePublished":"2026-03-09T10:09:59+00:00","dateModified":"2026-03-12T09:27:01+00:00","breadcrumb":{"@id":"https:\/\/chwbkosova.org\/sq\/rreth-nesh\/#breadcrumb"},"inLanguage":"sq-AL","potentialAction":[{"@type":"ReadAction","target":["https:\/\/chwbkosova.org\/sq\/rreth-nesh\/"]}]},{"@type":"BreadcrumbList","@id":"https:\/\/chwbkosova.org\/sq\/rreth-nesh\/#breadcrumb","itemListElement":[{"@type":"ListItem","position":1,"name":"Home","item":"https:\/\/chwbkosova.org\/sq\/ballina-2\/"},{"@type":"ListItem","position":2,"name":"Rreth nesh"}]},{"@type":"WebSite","@id":"https:\/\/chwbkosova.org\/#website","url":"https:\/\/chwbkosova.org\/","name":"CHWB Kosova","description":"CHWB Kosova","publisher":{"@id":"https:\/\/chwbkosova.org\/#organization"},"potentialAction":[{"@type":"SearchAction","target":{"@type":"EntryPoint","urlTemplate":"https:\/\/chwbkosova.org\/?s={search_term_string}"},"query-input":{"@type":"PropertyValueSpecification","valueRequired":true,"valueName":"search_term_string"}}],"inLanguage":"sq-AL"},{"@type":"Organization","@id":"https:\/\/chwbkosova.org\/#organization","name":"CHWB Kosova","url":"https:\/\/chwbkosova.org\/","logo":{"@type":"ImageObject","inLanguage":"sq-AL","@id":"https:\/\/chwbkosova.org\/#\/schema\/logo\/image\/","url":"https:\/\/chwbkosova.org\/wp-content\/uploads\/2023\/07\/cropped-logo_black.jpg","contentUrl":"https:\/\/chwbkosova.org\/wp-content\/uploads\/2023\/07\/cropped-logo_black.jpg","width":512,"height":512,"caption":"CHWB Kosova"},"image":{"@id":"https:\/\/chwbkosova.org\/#\/schema\/logo\/image\/"}}]}},"_links":{"self":[{"href":"https:\/\/chwbkosova.org\/sq\/wp-json\/wp\/v2\/pages\/17209","targetHints":{"allow":["GET"]}}],"collection":[{"href":"https:\/\/chwbkosova.org\/sq\/wp-json\/wp\/v2\/pages"}],"about":[{"href":"https:\/\/chwbkosova.org\/sq\/wp-json\/wp\/v2\/types\/page"}],"author":[{"embeddable":true,"href":"https:\/\/chwbkosova.org\/sq\/wp-json\/wp\/v2\/users\/6"}],"replies":[{"embeddable":true,"href":"https:\/\/chwbkosova.org\/sq\/wp-json\/wp\/v2\/comments?post=17209"}],"version-history":[{"count":10,"href":"https:\/\/chwbkosova.org\/sq\/wp-json\/wp\/v2\/pages\/17209\/revisions"}],"predecessor-version":[{"id":17371,"href":"https:\/\/chwbkosova.org\/sq\/wp-json\/wp\/v2\/pages\/17209\/revisions\/17371"}],"wp:attachment":[{"href":"https:\/\/chwbkosova.org\/sq\/wp-json\/wp\/v2\/media?parent=17209"}],"curies":[{"name":"wp","href":"https:\/\/api.w.org\/{rel}","templated":true}]}}

<div data-elementor-type="wp-page" data-elementor-id="17209" class="elementor elementor-17209 elementor-17202" data-elementor-post-type="page">
						<section class="elementor-section elementor-top-section elementor-element elementor-element-aec49ad elementor-section-boxed elementor-section-height-default elementor-section-height-default" data-id="aec49ad" data-element_type="section" data-e-type="section">
						<div class="elementor-container elementor-column-gap-default">
					<div class="elementor-column elementor-col-50 elementor-top-column elementor-element elementor-element-af0476c" data-id="af0476c" data-element_type="column" data-e-type="column">
			<div class="elementor-widget-wrap elementor-element-populated">
						<div class="elementor-element elementor-element-a4d8e37 elementor-widget elementor-widget-text-editor" data-id="a4d8e37" data-element_type="widget" data-e-type="widget" data-widget_type="text-editor.default">
				<div class="elementor-widget-container">
									<p><strong>CHwB Kosova</strong> është një organizatë e shoqërisë civile e përkushtuar ndaj mbrojtjes, restaurimit dhe promovimit të trashëgimisë së pasur kulturore të vendit. Që nga viti 2001, ne jemi angazhuar në mënyrë aktive në restaurimin e ndërtesave historike, promovimin e zejeve tradicionale dhe mbështetjen e projekteve kreative që lidhin komunitetet me historinë e tyre.</p>
<p data-start="368" data-end="776">Puna jonë shkon përtej ruajtjes së trashëgimisë. Ne fuqizojmë komunitetet lokale përmes edukimit, trajnimeve praktike dhe nismave kreative, duke siguruar që trashëgimia kulturore të bëhet pjesë e gjallë e jetës së përditshme. Duke ndërthurur teknikat tradicionale me qasje inovative, ne nxisim zhvillim të qëndrueshëm shoqëror dhe ekonomik, duke e mbajtur historinë e Kosovës të gjallë për brezat e ardhshëm.</p>
<p data-start="778" data-end="794"><strong data-start="778" data-end="794">Çfarë bëjmë:</strong></p>
<ul>
<li data-start="796" data-end="978"><strong data-start="796" data-end="833">Restaurim dhe ripërdorim adaptiv:</strong> Restaurojmë ndërtesa historike duke përdorur teknika tradicionale dhe njëkohësisht krijojmë mundësi për zejtarët lokalë dhe praktikantët e rinj.</li>
<li data-start="980" data-end="1172"><strong data-start="980" data-end="1016">Projekte kreative dhe edukative:</strong> Përmes artit, kërkimit dhe nismave kulturore, ndihmojmë komunitetet ta eksplorojnë dhe ta përjetojnë trashëgiminë e tyre në mënyra të reja dhe domethënëse.</li>
<li data-start="1174" data-end="1330"><strong data-start="1174" data-end="1212">Vendimmarrje e bazuar në të dhëna:</strong> Duke analizuar të dhëna kulturore dhe socio-ekonomike, ne i japim përparësi ndërhyrjeve që krijojnë ndikim afatgjatë.</li>
<li data-start="1332" data-end="1513"><strong data-start="1332" data-end="1369">Ndërtim komuniteti dhe rrjetëzim:</strong> Lidhim ekspertë lokalë dhe ndërkombëtarë, institucione dhe organizata të shoqërisë civile për të forcuar bashkëpunimin dhe shkëmbimin kulturor.</li>
<li data-start="1515" data-end="1717" data-is-last-node="" data-is-only-node="">Në <strong data-start="1518" data-end="1533">CHwB Kosova</strong>, ne besojmë se trashëgimia kulturore nuk është vetëm një lidhje me të kaluarënm, ajo është një burim për ndërtimin e një të ardhmeje më gjithëpërfshirëse, kreative dhe të qëndrueshme.</li>
</ul>								</div>
				</div>
					</div>
		</div>
				<div class="elementor-column elementor-col-50 elementor-top-column elementor-element elementor-element-a9ac097" data-id="a9ac097" data-element_type="column" data-e-type="column">
			<div class="elementor-widget-wrap">
							</div>
		</div>
					</div>
		</section>
				</div>

<p>CHwB Kosova është një organizatë e shoqërisë civile e përkushtuar ndaj mbrojtjes, restaurimit dhe promovimit të trashëgimisë së pasur kulturore të vendit. Që nga viti 2001, ne jemi angazhuar në mënyrë aktive në restaurimin e ndërtesave historike, promovimin e zejeve tradicionale dhe mbështetjen e projekteve kreative që lidhin komunitetet me historinë e tyre. Puna jonë [&hellip;]</p>

<!-- This site is optimized with the Yoast SEO plugin v27.4 - https://yoast.com/product/yoast-seo-wordpress/ -->
<title>Rreth nesh -</title>
<meta name="robots" content="index, follow, max-snippet:-1, max-image-preview:large, max-video-preview:-1" />
<link rel="canonical" href="https://chwbkosova.org/sq/rreth-nesh/" />
<meta property="og:locale" content="sq_AL" />
<meta property="og:type" content="article" />
<meta property="og:title" content="Rreth nesh -" />
<meta property="og:description" content="CHwB Kosova është një organizatë e shoqërisë civile e përkushtuar ndaj mbrojtjes, restaurimit dhe promovimit të trashëgimisë së pasur kulturore të vendit. Që nga viti 2001, ne jemi angazhuar në mënyrë aktive në restaurimin e ndërtesave historike, promovimin e zejeve tradicionale dhe mbështetjen e projekteve kreative që lidhin komunitetet me historinë e tyre. Puna jonë [&hellip;]" />
<meta property="og:url" content="https://chwbkosova.org/sq/rreth-nesh/" />
<meta property="article:modified_time" content="2026-03-12T09:27:01+00:00" />
<meta name="twitter:card" content="summary_large_image" />
<meta name="twitter:label1" content="Est. reading time" />
	<meta name="twitter:data1" content="1 minute" />
<script type="application/ld+json" class="yoast-schema-graph">{"@context":"https:\/\/schema.org","@graph":[{"@type":"WebPage","@id":"https:\/\/chwbkosova.org\/sq\/rreth-nesh\/","url":"https:\/\/chwbkosova.org\/sq\/rreth-nesh\/","name":"Rreth nesh -","isPartOf":{"@id":"https:\/\/chwbkosova.org\/#website"},"datePublished":"2026-03-09T10:09:59+00:00","dateModified":"2026-03-12T09:27:01+00:00","breadcrumb":{"@id":"https:\/\/chwbkosova.org\/sq\/rreth-nesh\/#breadcrumb"},"inLanguage":"sq-AL","potentialAction":[{"@type":"ReadAction","target":["https:\/\/chwbkosova.org\/sq\/rreth-nesh\/"]}]},{"@type":"BreadcrumbList","@id":"https:\/\/chwbkosova.org\/sq\/rreth-nesh\/#breadcrumb","itemListElement":[{"@type":"ListItem","position":1,"name":"Home","item":"https:\/\/chwbkosova.org\/sq\/ballina-2\/"},{"@type":"ListItem","position":2,"name":"Rreth nesh"}]},{"@type":"WebSite","@id":"https:\/\/chwbkosova.org\/#website","url":"https:\/\/chwbkosova.org\/","name":"CHWB Kosova","description":"CHWB Kosova","publisher":{"@id":"https:\/\/chwbkosova.org\/#organization"},"potentialAction":[{"@type":"SearchAction","target":{"@type":"EntryPoint","urlTemplate":"https:\/\/chwbkosova.org\/?s={search_term_string}"},"query-input":{"@type":"PropertyValueSpecification","valueRequired":true,"valueName":"search_term_string"}}],"inLanguage":"sq-AL"},{"@type":"Organization","@id":"https:\/\/chwbkosova.org\/#organization","name":"CHWB Kosova","url":"https:\/\/chwbkosova.org\/","logo":{"@type":"ImageObject","inLanguage":"sq-AL","@id":"https:\/\/chwbkosova.org\/#\/schema\/logo\/image\/","url":"https:\/\/chwbkosova.org\/wp-content\/uploads\/2023\/07\/cropped-logo_black.jpg","contentUrl":"https:\/\/chwbkosova.org\/wp-content\/uploads\/2023\/07\/cropped-logo_black.jpg","width":512,"height":512,"caption":"CHWB Kosova"},"image":{"@id":"https:\/\/chwbkosova.org\/#\/schema\/logo\/image\/"}}]}</script>
<!-- / Yoast SEO plugin. -->

CHwB Kosova është një organizatë e shoqërisë civile e përkushtuar ndaj mbrojtjes, restaurimit dhe promovimit të trashëgimisë së pasur kulturore të vendit. Që nga viti 2001, ne jemi angazhuar në mënyrë aktive në restaurimin e ndërtesave historike, promovimin e zejeve tradicionale dhe mbështetjen e projekteve kreative që lidhin komunitetet me historinë e tyre. Puna jonë [&hellip;]
